{"id":83297,"date":"2021-03-22T01:06:46","date_gmt":"2021-03-22T01:06:46","guid":{"rendered":"https:\/\/www.spanishcentermonterrey.com\/espanol\/?page_id=83297"},"modified":"2021-12-21T22:22:54","modified_gmt":"2021-12-21T22:22:54","slug":"en-grupo","status":"publish","type":"page","link":"https:\/\/www.spanishcentermonterrey.com\/espanol\/cursos\/curso-espanol-en-linea\/en-grupo\/","title":{"rendered":"En grupo"},"content":{"rendered":"\t\t<div data-elementor-type=\"wp-page\" data-elementor-id=\"83297\" class=\"elementor elementor-83297\" data-elementor-settings=\"[]\">\n\t\t\t\t\t\t<div class=\"elementor-inner\">\n\t\t\t\t\t\t\t<div class=\"elementor-section-wrap\">\n\t\t\t\t\t\t\t<section class=\"elementor-section elementor-top-section elementor-element elementor-element-4c78b50 ot-traditional elementor-section-boxed elementor-section-height-default elementor-section-height-default\" data-id=\"4c78b50\" data-element_type=\"section\">\n\t\t\t\t\t\t<div class=\"elementor-container elementor-column-gap-default\">\n\t\t\t\t\t\t\t<div class=\"elementor-row\">\n\t\t\t\t\t<div class=\"elementor-column elementor-col-100 elementor-top-column elementor-element elementor-element-54d2d42 ot-flex-column-vertical\" data-id=\"54d2d42\" data-element_type=\"column\">\n\t\t\t<div class=\"elementor-column-wrap elementor-element-populated\">\n\t\t\t\t\t\t\t<div class=\"elementor-widget-wrap\">\n\t\t\t\t\t\t<div class=\"elementor-element elementor-element-deb8a1f elementor-widget elementor-widget-heading\" data-id=\"deb8a1f\" data-element_type=\"widget\" data-widget_type=\"heading.default\">\n\t\t\t\t<div class=\"elementor-widget-container\">\n\t\t\t<h1 class=\"elementor-heading-title elementor-size-default\">Cursos de espa\u00f1ol en l\u00ednea  - Grupos\n<\/h1>\t\t<\/div>\n\t\t\t\t<\/div>\n\t\t\t\t<div class=\"elementor-element elementor-element-7a16556 elementor-widget elementor-widget-image\" data-id=\"7a16556\" data-element_type=\"widget\" data-widget_type=\"image.default\">\n\t\t\t\t<div class=\"elementor-widget-container\">\n\t\t\t\t\t\t\t\t<div class=\"elementor-image\">\n\t\t\t\t\t\t\t\t\t\t\t\t<img src=\"https:\/\/www.spanishcentermonterrey.com\/espanol\/wp-content\/uploads\/elementor\/thumbs\/Depositphotos_365547986_xl-2015-scaled-paw0jdgpb7wgi2yqbbps63h3swoaqwndkc80t76vsg.jpg\" title=\"Online Spanish Courses\" alt=\"Lenguaje, espa\u00f1ol, aprende, online, lessons, courses.\" \/>\t\t\t\t\t\t\t\t\t\t\t\t\t\t<\/div>\n\t\t\t\t\t\t<\/div>\n\t\t\t\t<\/div>\n\t\t\t\t<section class=\"elementor-section elementor-inner-section elementor-element elementor-element-8c17839 ot-traditional elementor-section-boxed elementor-section-height-default elementor-section-height-default\" data-id=\"8c17839\" data-element_type=\"section\">\n\t\t\t\t\t\t<div class=\"elementor-container elementor-column-gap-default\">\n\t\t\t\t\t\t\t<div class=\"elementor-row\">\n\t\t\t\t\t<div class=\"elementor-column elementor-col-33 elementor-inner-column elementor-element elementor-element-f94d90b ot-flex-column-vertical\" data-id=\"f94d90b\" data-element_type=\"column\">\n\t\t\t<div class=\"elementor-column-wrap\">\n\t\t\t\t\t\t\t<div class=\"elementor-widget-wrap\">\n\t\t\t\t\t\t\t\t<\/div>\n\t\t\t\t\t<\/div>\n\t\t<\/div>\n\t\t\t\t<div class=\"elementor-column elementor-col-33 elementor-inner-column elementor-element elementor-element-a2e571d ot-column-items-center ot-flex-column-vertical\" data-id=\"a2e571d\" data-element_type=\"column\">\n\t\t\t<div class=\"elementor-column-wrap\">\n\t\t\t\t\t\t\t<div class=\"elementor-widget-wrap\">\n\t\t\t\t\t\t\t\t<\/div>\n\t\t\t\t\t<\/div>\n\t\t<\/div>\n\t\t\t\t<div class=\"elementor-column elementor-col-33 elementor-inner-column elementor-element elementor-element-7e2880a ot-flex-column-vertical\" data-id=\"7e2880a\" data-element_type=\"column\">\n\t\t\t<div class=\"elementor-column-wrap\">\n\t\t\t\t\t\t\t<div class=\"elementor-widget-wrap\">\n\t\t\t\t\t\t\t\t<\/div>\n\t\t\t\t\t<\/div>\n\t\t<\/div>\n\t\t\t\t\t\t\t\t<\/div>\n\t\t\t\t\t<\/div>\n\t\t<\/section>\n\t\t\t\t\t\t<\/div>\n\t\t\t\t\t<\/div>\n\t\t<\/div>\n\t\t\t\t\t\t\t\t<\/div>\n\t\t\t\t\t<\/div>\n\t\t<\/section>\n\t\t\t\t<section class=\"elementor-section elementor-top-section elementor-element elementor-element-7baae82 ot-traditional elementor-section-boxed elementor-section-height-default elementor-section-height-default\" data-id=\"7baae82\" data-element_type=\"section\">\n\t\t\t\t\t\t<div class=\"elementor-container elementor-column-gap-default\">\n\t\t\t\t\t\t\t<div class=\"elementor-row\">\n\t\t\t\t\t<div class=\"elementor-column elementor-col-25 elementor-top-column elementor-element elementor-element-c86a124 ot-flex-column-vertical\" data-id=\"c86a124\" data-element_type=\"column\">\n\t\t\t<div class=\"elementor-column-wrap\">\n\t\t\t\t\t\t\t<div class=\"elementor-widget-wrap\">\n\t\t\t\t\t\t\t\t<\/div>\n\t\t\t\t\t<\/div>\n\t\t<\/div>\n\t\t\t\t<div class=\"elementor-column elementor-col-50 elementor-top-column elementor-element elementor-element-918d4e4 ot-flex-column-vertical\" data-id=\"918d4e4\" data-element_type=\"column\">\n\t\t\t<div class=\"elementor-column-wrap elementor-element-populated\">\n\t\t\t\t\t\t\t<div class=\"elementor-widget-wrap\">\n\t\t\t\t\t\t<div class=\"elementor-element elementor-element-3f698aa elementor-widget__width-auto elementory_icon_bg_colored elementory_icon_area_circle elementory_element_connector_no elementory_icon_position_center elementor-widget elementor-widget-elementory-icon-box\" data-id=\"3f698aa\" data-element_type=\"widget\" data-widget_type=\"elementory-icon-box.default\">\n\t\t\t\t<div class=\"elementor-widget-container\">\n\t\t\t\n\t\t<div class=\"elementory_icon_box_container\">\n\t\t\t<div class=\"elementory_icon_box_item\">\n\t\t\t\t\t\t\t\t\n\t\t\t\t<div class=\"elementory_icon_box_item_inner\">\n\t\t\t\t\t<div class=\"elementory_icon_container\">\n\t\t\t\t\t\t<span class=\"elementory_icon_wrapper\">\n\t\t\t\t\t\t\t<i aria-hidden=\"true\" class=\"fas fa-bookmark\"><\/i>\t\t\t\t\t\t<\/span>\n\t\t\t\t\t<\/div>\n\t\t\t\t\t\n\t\t\t\t\t<div class=\"elementory_icon_box_content_container\">\n\t\t\t\t\t\t<div class=\"elementory_icon_box_title\">\n\t\t\t\t\t\t\t<h4><\/h4>\n\t\t\t\t\t\t<\/div>\n\t\t\t\t\t\t\n\t\t\t\t\t\t<div class=\"elementory_icon_box_description\">\n\t\t\t\t\t\t\t<span><\/span>\n\t\t\t\t\t\t<\/div>\n\t\t\t\t\t<\/div>\n\t\t\t\t\t\n\t\t\t\t\t<div class=\"clear\"><\/div>\n\t\t\t\t<\/div>\n\t\t\t\t\n\t\t\t\t\t\t\t<\/div>\n\t\t<\/div>\n\t\t\t\t<\/div>\n\t\t\t\t<\/div>\n\t\t\t\t<div class=\"elementor-element elementor-element-ddf3858 elementor-widget__width-auto elementor-widget elementor-widget-heading\" data-id=\"ddf3858\" data-element_type=\"widget\" data-widget_type=\"heading.default\">\n\t\t\t\t<div class=\"elementor-widget-container\">\n\t\t\t<h2 class=\"elementor-heading-title elementor-size-default\">Regular<\/h2>\t\t<\/div>\n\t\t\t\t<\/div>\n\t\t\t\t<div class=\"elementor-element elementor-element-ac322e4 elementor-widget elementor-widget-text-editor\" data-id=\"ac322e4\" data-element_type=\"widget\" data-widget_type=\"text-editor.default\">\n\t\t\t\t<div class=\"elementor-widget-container\">\n\t\t\t\t\t\t\t\t<div class=\"elementor-text-editor elementor-clearfix\">\n\t\t\t\t<p>Curso de:<\/p>\n<ul>\n<li>30 horas<\/li>\n<li>60 horas<\/li>\n<li>90 horas<\/li>\n<li>120 horas<\/li>\n<\/ul>\n<p><strong>Se requieren alrededor de 120 horas para completar un nivel.<br>\n<\/strong><\/p>\n<ul>\n<li>Cursos de espa\u00f1ol en l\u00ednea por Skype, Zoom u otro recurso en l\u00ednea<\/li>\n<li>Interacci\u00f3n en tiempo real con un profesor nativo.<\/li>\n<li>Grupos peque\u00f1os, de dos hasta siete estudiantes*.<\/li>\n<li>Cada curso comienza el primer lunes de cada mes.<\/li>\n<li>Los estudiantes tendr\u00e1n una evaluaci\u00f3n gratis para determinar su nivel inicial de espa\u00f1ol. <\/li>\n<li>\u00bfEst\u00e1s interesado en una clase de espa\u00f1ol gratis? Programa una clase sin costo y prueba nuestro m\u00e9todo.  <\/li>\n<\/ul>\t\t\t\t\t<\/div>\n\t\t\t\t\t\t<\/div>\n\t\t\t\t<\/div>\n\t\t\t\t<div class=\"elementor-element elementor-element-16fe7cb elementor-widget elementor-widget-heading\" data-id=\"16fe7cb\" data-element_type=\"widget\" data-widget_type=\"heading.default\">\n\t\t\t\t<div class=\"elementor-widget-container\">\n\t\t\t<h2 class=\"elementor-heading-title elementor-size-default\">\u00a1Estudia espa\u00f1ol con nosotros!<\/h2>\t\t<\/div>\n\t\t\t\t<\/div>\n\t\t\t\t<div class=\"elementor-element elementor-element-7cb2cc6 elementor-widget elementor-widget-ibutton\" data-id=\"7cb2cc6\" data-element_type=\"widget\" data-widget_type=\"ibutton.default\">\n\t\t\t\t<div class=\"elementor-widget-container\">\n\t\t\t\t\t<div class=\"ot-button\">\r\n\t\t\t<a href=\"https:\/\/www.spanishcentermonterrey.com\/espanol\/contacto\/\" class=\"octf-btn octf-btn-primary\">Cont\u00e1ctanos<\/a>\r\n\t    <\/div>\r\n\t    \t\t<\/div>\n\t\t\t\t<\/div>\n\t\t\t\t<div class=\"elementor-element elementor-element-2aea897 elementor-widget elementor-widget-text-editor\" data-id=\"2aea897\" data-element_type=\"widget\" data-widget_type=\"text-editor.default\">\n\t\t\t\t<div class=\"elementor-widget-container\">\n\t\t\t\t\t\t\t\t<div class=\"elementor-text-editor elementor-clearfix\">\n\t\t\t\t<p>*The availability of the level of the course depends on the registration of at least two students of the same level.<\/p>\t\t\t\t\t<\/div>\n\t\t\t\t\t\t<\/div>\n\t\t\t\t<\/div>\n\t\t\t\t\t\t<\/div>\n\t\t\t\t\t<\/div>\n\t\t<\/div>\n\t\t\t\t<div class=\"elementor-column elementor-col-25 elementor-top-column elementor-element elementor-element-084c7ca ot-flex-column-vertical\" data-id=\"084c7ca\" data-element_type=\"column\">\n\t\t\t<div class=\"elementor-column-wrap\">\n\t\t\t\t\t\t\t<div class=\"elementor-widget-wrap\">\n\t\t\t\t\t\t\t\t<\/div>\n\t\t\t\t\t<\/div>\n\t\t<\/div>\n\t\t\t\t\t\t\t\t<\/div>\n\t\t\t\t\t<\/div>\n\t\t<\/section>\n\t\t\t\t<section class=\"elementor-section elementor-top-section elementor-element elementor-element-60deb33 ot-traditional elementor-section-boxed elementor-section-height-default elementor-section-height-default\" data-id=\"60deb33\" data-element_type=\"section\">\n\t\t\t\t\t\t<div class=\"elementor-container elementor-column-gap-default\">\n\t\t\t\t\t\t\t<div class=\"elementor-row\">\n\t\t\t\t\t<div class=\"elementor-column elementor-col-25 elementor-top-column elementor-element elementor-element-9d6f49b ot-flex-column-vertical\" data-id=\"9d6f49b\" data-element_type=\"column\">\n\t\t\t<div class=\"elementor-column-wrap\">\n\t\t\t\t\t\t\t<div class=\"elementor-widget-wrap\">\n\t\t\t\t\t\t\t\t<\/div>\n\t\t\t\t\t<\/div>\n\t\t<\/div>\n\t\t\t\t<div class=\"elementor-column elementor-col-50 elementor-top-column elementor-element elementor-element-fabcae0 ot-flex-column-vertical\" data-id=\"fabcae0\" data-element_type=\"column\">\n\t\t\t<div class=\"elementor-column-wrap elementor-element-populated\">\n\t\t\t\t\t\t\t<div class=\"elementor-widget-wrap\">\n\t\t\t\t\t\t<div class=\"elementor-element elementor-element-fcdbc0c elementor-widget__width-auto elementory_icon_bg_colored elementory_icon_area_circle elementory_element_connector_no elementory_icon_position_center elementor-widget elementor-widget-elementory-icon-box\" data-id=\"fcdbc0c\" data-element_type=\"widget\" data-widget_type=\"elementory-icon-box.default\">\n\t\t\t\t<div class=\"elementor-widget-container\">\n\t\t\t\n\t\t<div class=\"elementory_icon_box_container\">\n\t\t\t<div class=\"elementory_icon_box_item\">\n\t\t\t\t\t\t\t\t\n\t\t\t\t<div class=\"elementory_icon_box_item_inner\">\n\t\t\t\t\t<div class=\"elementory_icon_container\">\n\t\t\t\t\t\t<span class=\"elementory_icon_wrapper\">\n\t\t\t\t\t\t\t<i aria-hidden=\"true\" class=\"fas fa-bookmark\"><\/i>\t\t\t\t\t\t<\/span>\n\t\t\t\t\t<\/div>\n\t\t\t\t\t\n\t\t\t\t\t<div class=\"elementory_icon_box_content_container\">\n\t\t\t\t\t\t<div class=\"elementory_icon_box_title\">\n\t\t\t\t\t\t\t<h4><\/h4>\n\t\t\t\t\t\t<\/div>\n\t\t\t\t\t\t\n\t\t\t\t\t\t<div class=\"elementory_icon_box_description\">\n\t\t\t\t\t\t\t<span><\/span>\n\t\t\t\t\t\t<\/div>\n\t\t\t\t\t<\/div>\n\t\t\t\t\t\n\t\t\t\t\t<div class=\"clear\"><\/div>\n\t\t\t\t<\/div>\n\t\t\t\t\n\t\t\t\t\t\t\t<\/div>\n\t\t<\/div>\n\t\t\t\t<\/div>\n\t\t\t\t<\/div>\n\t\t\t\t<div class=\"elementor-element elementor-element-5bc7f7c elementor-widget__width-auto elementor-widget elementor-widget-heading\" data-id=\"5bc7f7c\" data-element_type=\"widget\" data-widget_type=\"heading.default\">\n\t\t\t\t<div class=\"elementor-widget-container\">\n\t\t\t<h2 class=\"elementor-heading-title elementor-size-default\">Intensivo<\/h2>\t\t<\/div>\n\t\t\t\t<\/div>\n\t\t\t\t<div class=\"elementor-element elementor-element-22bb58e elementor-widget elementor-widget-text-editor\" data-id=\"22bb58e\" data-element_type=\"widget\" data-widget_type=\"text-editor.default\">\n\t\t\t\t<div class=\"elementor-widget-container\">\n\t\t\t\t\t\t\t\t<div class=\"elementor-text-editor elementor-clearfix\">\n\t\t\t\tCurso de:\n<ul>\n \t<li>30 horas<\/li>\n \t<li>60 horas<\/li>\n \t<li>90 horas<\/li>\n \t<li>120 horas<\/li>\n<\/ul>\n<strong>Se requieren alrededor de 120 horas para completar un nivel.<\/strong>\t\t\t\t\t<\/div>\n\t\t\t\t\t\t<\/div>\n\t\t\t\t<\/div>\n\t\t\t\t<div class=\"elementor-element elementor-element-123db20 elementor-widget elementor-widget-text-editor\" data-id=\"123db20\" data-element_type=\"widget\" data-widget_type=\"text-editor.default\">\n\t\t\t\t<div class=\"elementor-widget-container\">\n\t\t\t\t\t\t\t\t<div class=\"elementor-text-editor elementor-clearfix\">\n\t\t\t\t<ul>\n<li>Cursos de espa\u00f1ol en l\u00ednea por Skype, Zoom u otro recurso en l\u00ednea<\/li>\n<li>Interacci\u00f3n en tiempo real con un profesor nativo.<\/li>\n<li>Grupos peque\u00f1os, de dos hasta siete estudiantes*.<\/li>\n<li>Cada curso comienza el primer lunes de cada mes.<\/li>\n<li>Los estudiantes tendr\u00e1n una evaluaci\u00f3n gratis para determinar su nivel inicial de espa\u00f1ol. <\/li>\n<li>\u00bfEst\u00e1s interesado en una clase de espa\u00f1ol gratis? Programa una clase sin costo y prueba nuestro m\u00e9todo<\/li>\n<\/ul>\t\t\t\t\t<\/div>\n\t\t\t\t\t\t<\/div>\n\t\t\t\t<\/div>\n\t\t\t\t<div class=\"elementor-element elementor-element-fa0421a elementor-widget elementor-widget-heading\" data-id=\"fa0421a\" data-element_type=\"widget\" data-widget_type=\"heading.default\">\n\t\t\t\t<div class=\"elementor-widget-container\">\n\t\t\t<h2 class=\"elementor-heading-title elementor-size-default\">\u00a1Estudia espa\u00f1ol con nosotros!<\/h2>\t\t<\/div>\n\t\t\t\t<\/div>\n\t\t\t\t<div class=\"elementor-element elementor-element-6b44736 elementor-widget elementor-widget-ibutton\" data-id=\"6b44736\" data-element_type=\"widget\" data-widget_type=\"ibutton.default\">\n\t\t\t\t<div class=\"elementor-widget-container\">\n\t\t\t\t\t<div class=\"ot-button\">\r\n\t\t\t<a href=\"https:\/\/www.spanishcentermonterrey.com\/espanol\/contacto\/\" class=\"octf-btn octf-btn-primary\">Cont\u00e1ctanos<\/a>\r\n\t    <\/div>\r\n\t    \t\t<\/div>\n\t\t\t\t<\/div>\n\t\t\t\t<div class=\"elementor-element elementor-element-61a5e86 elementor-widget elementor-widget-text-editor\" data-id=\"61a5e86\" data-element_type=\"widget\" data-widget_type=\"text-editor.default\">\n\t\t\t\t<div class=\"elementor-widget-container\">\n\t\t\t\t\t\t\t\t<div class=\"elementor-text-editor elementor-clearfix\">\n\t\t\t\t* La disponibilidad del curso depende del registro de al menos dos alumnos del mismo nivel.\t\t\t\t\t<\/div>\n\t\t\t\t\t\t<\/div>\n\t\t\t\t<\/div>\n\t\t\t\t\t\t<\/div>\n\t\t\t\t\t<\/div>\n\t\t<\/div>\n\t\t\t\t<div class=\"elementor-column elementor-col-25 elementor-top-column elementor-element elementor-element-378132a ot-flex-column-vertical\" data-id=\"378132a\" data-element_type=\"column\">\n\t\t\t<div class=\"elementor-column-wrap\">\n\t\t\t\t\t\t\t<div class=\"elementor-widget-wrap\">\n\t\t\t\t\t\t\t\t<\/div>\n\t\t\t\t\t<\/div>\n\t\t<\/div>\n\t\t\t\t\t\t\t\t<\/div>\n\t\t\t\t\t<\/div>\n\t\t<\/section>\n\t\t\t\t\t\t<\/div>\n\t\t\t\t\t\t<\/div>\n\t\t\t\t\t<\/div>\n\t\t","protected":false},"excerpt":{"rendered":"<p>Cursos de espa\u00f1ol en l\u00ednea &#8211; Grupos Regular Curso de: 30 horas 60 horas 90 horas 120 horas Se requieren alrededor de 120 horas para completar un nivel. Cursos de espa\u00f1ol en l\u00ednea por Skype, Zoom u otro recurso en l\u00ednea Interacci\u00f3n en tiempo real con un profesor nativo. Grupos peque\u00f1os, de dos hasta siete [&hellip;]<\/p>\n","protected":false},"author":1,"featured_media":0,"parent":83270,"menu_order":0,"comment_status":"closed","ping_status":"closed","template":"","meta":[],"_links":{"self":[{"href":"https:\/\/www.spanishcentermonterrey.com\/espanol\/wp-json\/wp\/v2\/pages\/83297"}],"collection":[{"href":"https:\/\/www.spanishcentermonterrey.com\/espanol\/wp-json\/wp\/v2\/pages"}],"about":[{"href":"https:\/\/www.spanishcentermonterrey.com\/espanol\/wp-json\/wp\/v2\/types\/page"}],"author":[{"embeddable":true,"href":"https:\/\/www.spanishcentermonterrey.com\/espanol\/wp-json\/wp\/v2\/users\/1"}],"replies":[{"embeddable":true,"href":"https:\/\/www.spanishcentermonterrey.com\/espanol\/wp-json\/wp\/v2\/comments?post=83297"}],"version-history":[{"count":46,"href":"https:\/\/www.spanishcentermonterrey.com\/espanol\/wp-json\/wp\/v2\/pages\/83297\/revisions"}],"predecessor-version":[{"id":84281,"href":"https:\/\/www.spanishcentermonterrey.com\/espanol\/wp-json\/wp\/v2\/pages\/83297\/revisions\/84281"}],"up":[{"embeddable":true,"href":"https:\/\/www.spanishcentermonterrey.com\/espanol\/wp-json\/wp\/v2\/pages\/83270"}],"wp:attachment":[{"href":"https:\/\/www.spanishcentermonterrey.com\/espanol\/wp-json\/wp\/v2\/media?parent=83297"}],"curies":[{"name":"wp","href":"https:\/\/api.w.org\/{rel}","templated":true}]}}