{"id":83317,"date":"2021-03-22T01:14:59","date_gmt":"2021-03-22T01:14:59","guid":{"rendered":"https:\/\/www.spanishcentermonterrey.com\/espanol\/?page_id=83317"},"modified":"2021-12-21T23:46:05","modified_gmt":"2021-12-21T23:46:05","slug":"individual","status":"publish","type":"page","link":"https:\/\/www.spanishcentermonterrey.com\/espanol\/cursos\/cursos-espanol-presenciales\/clases-espanol-oficina-o-casa\/individual\/","title":{"rendered":"Individual"},"content":{"rendered":"\t\t<div data-elementor-type=\"wp-page\" data-elementor-id=\"83317\" class=\"elementor elementor-83317\" data-elementor-settings=\"[]\">\n\t\t\t\t\t\t<div class=\"elementor-inner\">\n\t\t\t\t\t\t\t<div class=\"elementor-section-wrap\">\n\t\t\t\t\t\t\t<section class=\"elementor-section elementor-top-section elementor-element elementor-element-61d316df ot-traditional elementor-section-boxed elementor-section-height-default elementor-section-height-default\" data-id=\"61d316df\" data-element_type=\"section\">\n\t\t\t\t\t\t<div class=\"elementor-container elementor-column-gap-default\">\n\t\t\t\t\t\t\t<div class=\"elementor-row\">\n\t\t\t\t\t<div class=\"elementor-column elementor-col-100 elementor-top-column elementor-element elementor-element-2a6ab2ce ot-flex-column-vertical\" data-id=\"2a6ab2ce\" data-element_type=\"column\">\n\t\t\t<div class=\"elementor-column-wrap elementor-element-populated\">\n\t\t\t\t\t\t\t<div class=\"elementor-widget-wrap\">\n\t\t\t\t\t\t<div class=\"elementor-element elementor-element-7b6fab71 elementor-widget elementor-widget-heading\" data-id=\"7b6fab71\" data-element_type=\"widget\" data-widget_type=\"heading.default\">\n\t\t\t\t<div class=\"elementor-widget-container\">\n\t\t\t<h2 class=\"elementor-heading-title elementor-size-default\">Cursos de espa\u00f1ol en tu oficina o en tu casa\n- Individuales\n\n<\/h2>\t\t<\/div>\n\t\t\t\t<\/div>\n\t\t\t\t<div class=\"elementor-element elementor-element-15307748 elementor-widget elementor-widget-image\" data-id=\"15307748\" data-element_type=\"widget\" data-widget_type=\"image.default\">\n\t\t\t\t<div class=\"elementor-widget-container\">\n\t\t\t\t\t\t\t\t<div class=\"elementor-image\">\n\t\t\t\t\t\t\t\t\t\t\t\t<img src=\"https:\/\/www.spanishcentermonterrey.com\/espanol\/wp-content\/uploads\/elementor\/thumbs\/Depositphotos_314829312_xl-2015-scaled-pazf5vjgj90stcnjq0nowm1jc45m0ix063gxd3rjao.jpg\" title=\"Happy mixed race female employee listening to project explanation.\" alt=\"Happy mixed race female employee sitting at table, listening to team leader explaining project details, head shot. Young smiling intern involved in educational training of coach mentor at office.\" \/>\t\t\t\t\t\t\t\t\t\t\t\t\t\t<\/div>\n\t\t\t\t\t\t<\/div>\n\t\t\t\t<\/div>\n\t\t\t\t\t\t<\/div>\n\t\t\t\t\t<\/div>\n\t\t<\/div>\n\t\t\t\t\t\t\t\t<\/div>\n\t\t\t\t\t<\/div>\n\t\t<\/section>\n\t\t\t\t<section class=\"elementor-section elementor-top-section elementor-element elementor-element-b266d93 ot-traditional elementor-section-boxed elementor-section-height-default elementor-section-height-default\" data-id=\"b266d93\" data-element_type=\"section\">\n\t\t\t\t\t\t<div class=\"elementor-container elementor-column-gap-default\">\n\t\t\t\t\t\t\t<div class=\"elementor-row\">\n\t\t\t\t\t<div class=\"elementor-column elementor-col-25 elementor-top-column elementor-element elementor-element-1828c5d ot-flex-column-vertical\" data-id=\"1828c5d\" data-element_type=\"column\">\n\t\t\t<div class=\"elementor-column-wrap\">\n\t\t\t\t\t\t\t<div class=\"elementor-widget-wrap\">\n\t\t\t\t\t\t\t\t<\/div>\n\t\t\t\t\t<\/div>\n\t\t<\/div>\n\t\t\t\t<div class=\"elementor-column elementor-col-50 elementor-top-column elementor-element elementor-element-f99a8ea ot-flex-column-vertical\" data-id=\"f99a8ea\" data-element_type=\"column\">\n\t\t\t<div class=\"elementor-column-wrap elementor-element-populated\">\n\t\t\t\t\t\t\t<div class=\"elementor-widget-wrap\">\n\t\t\t\t\t\t<div class=\"elementor-element elementor-element-7df092e4 elementor-widget__width-auto elementory_icon_bg_colored elementory_icon_area_circle elementory_element_connector_no elementory_icon_position_center elementor-widget elementor-widget-elementory-icon-box\" data-id=\"7df092e4\" data-element_type=\"widget\" data-widget_type=\"elementory-icon-box.default\">\n\t\t\t\t<div class=\"elementor-widget-container\">\n\t\t\t\n\t\t<div class=\"elementory_icon_box_container\">\n\t\t\t<div class=\"elementory_icon_box_item\">\n\t\t\t\t\t\t\t\t\n\t\t\t\t<div class=\"elementory_icon_box_item_inner\">\n\t\t\t\t\t<div class=\"elementory_icon_container\">\n\t\t\t\t\t\t<span class=\"elementory_icon_wrapper\">\n\t\t\t\t\t\t\t<i aria-hidden=\"true\" class=\"fas fa-bookmark\"><\/i>\t\t\t\t\t\t<\/span>\n\t\t\t\t\t<\/div>\n\t\t\t\t\t\n\t\t\t\t\t<div class=\"elementory_icon_box_content_container\">\n\t\t\t\t\t\t<div class=\"elementory_icon_box_title\">\n\t\t\t\t\t\t\t<h4><\/h4>\n\t\t\t\t\t\t<\/div>\n\t\t\t\t\t\t\n\t\t\t\t\t\t<div class=\"elementory_icon_box_description\">\n\t\t\t\t\t\t\t<span><\/span>\n\t\t\t\t\t\t<\/div>\n\t\t\t\t\t<\/div>\n\t\t\t\t\t\n\t\t\t\t\t<div class=\"clear\"><\/div>\n\t\t\t\t<\/div>\n\t\t\t\t\n\t\t\t\t\t\t\t<\/div>\n\t\t<\/div>\n\t\t\t\t<\/div>\n\t\t\t\t<\/div>\n\t\t\t\t<div class=\"elementor-element elementor-element-5f3deb4c elementor-widget__width-auto elementor-widget elementor-widget-heading\" data-id=\"5f3deb4c\" data-element_type=\"widget\" data-widget_type=\"heading.default\">\n\t\t\t\t<div class=\"elementor-widget-container\">\n\t\t\t<h2 class=\"elementor-heading-title elementor-size-default\">Regular<\/h2>\t\t<\/div>\n\t\t\t\t<\/div>\n\t\t\t\t<div class=\"elementor-element elementor-element-5fbe9200 elementor-widget elementor-widget-text-editor\" data-id=\"5fbe9200\" data-element_type=\"widget\" data-widget_type=\"text-editor.default\">\n\t\t\t\t<div class=\"elementor-widget-container\">\n\t\t\t\t\t\t\t\t<div class=\"elementor-text-editor elementor-clearfix\">\n\t\t\t\t<p>Cursos de:<\/p><ul><li>30 horas<\/li><li>60 horas<\/li><li>90 horas<\/li><li>120 horas<\/li><\/ul><p><strong>Se requieren alrededor de 120 horas para completar un nivel. <\/strong><\/p><ul><li>Cursos de espa\u00f1ol individuales en tu oficina o casa*.<\/li><li>Registro de inscripci\u00f3n todo el a\u00f1o.<\/li><li>1.5 horas clase o m\u00e1s por sesi\u00f3n.<\/li><li>Horario de cursos personalizado.<\/li><li>Los estudiantes tendr\u00e1n una evaluaci\u00f3n gratis para determinar su nivel inicial de espa\u00f1ol.<\/li><li>\u00bfEst\u00e1s interesado en un curso de espa\u00f1ol gratis? Programa una clase sin costo y prueba nuestro m\u00e9todo<\/li><\/ul>\t\t\t\t\t<\/div>\n\t\t\t\t\t\t<\/div>\n\t\t\t\t<\/div>\n\t\t\t\t<div class=\"elementor-element elementor-element-334ba27f elementor-widget elementor-widget-heading\" data-id=\"334ba27f\" data-element_type=\"widget\" data-widget_type=\"heading.default\">\n\t\t\t\t<div class=\"elementor-widget-container\">\n\t\t\t<h2 class=\"elementor-heading-title elementor-size-default\">\u00a1Estudia espa\u00f1ol con nosotros!<\/h2>\t\t<\/div>\n\t\t\t\t<\/div>\n\t\t\t\t<div class=\"elementor-element elementor-element-36be92c5 elementor-widget elementor-widget-ibutton\" data-id=\"36be92c5\" data-element_type=\"widget\" data-widget_type=\"ibutton.default\">\n\t\t\t\t<div class=\"elementor-widget-container\">\n\t\t\t\t\t<div class=\"ot-button\">\r\n\t\t\t<a href=\"https:\/\/www.spanishcentermonterrey.com\/espanol\/contacto\/\" class=\"octf-btn octf-btn-primary\">Cont\u00e1ctanos<\/a>\r\n\t    <\/div>\r\n\t    \t\t<\/div>\n\t\t\t\t<\/div>\n\t\t\t\t<div class=\"elementor-element elementor-element-2b3c2ab elementor-widget elementor-widget-text-editor\" data-id=\"2b3c2ab\" data-element_type=\"widget\" data-widget_type=\"text-editor.default\">\n\t\t\t\t<div class=\"elementor-widget-container\">\n\t\t\t\t\t\t\t\t<div class=\"elementor-text-editor elementor-clearfix\">\n\t\t\t\t* Se incluir\u00e1 un cargo adicional por transportaci\u00f3n fuera de la escuela.\t\t\t\t\t<\/div>\n\t\t\t\t\t\t<\/div>\n\t\t\t\t<\/div>\n\t\t\t\t\t\t<\/div>\n\t\t\t\t\t<\/div>\n\t\t<\/div>\n\t\t\t\t<div class=\"elementor-column elementor-col-25 elementor-top-column elementor-element elementor-element-e6610c0 ot-flex-column-vertical\" data-id=\"e6610c0\" data-element_type=\"column\">\n\t\t\t<div class=\"elementor-column-wrap\">\n\t\t\t\t\t\t\t<div class=\"elementor-widget-wrap\">\n\t\t\t\t\t\t\t\t<\/div>\n\t\t\t\t\t<\/div>\n\t\t<\/div>\n\t\t\t\t\t\t\t\t<\/div>\n\t\t\t\t\t<\/div>\n\t\t<\/section>\n\t\t\t\t<section class=\"elementor-section elementor-top-section elementor-element elementor-element-5e9db45 ot-traditional elementor-section-boxed elementor-section-height-default elementor-section-height-default\" data-id=\"5e9db45\" data-element_type=\"section\">\n\t\t\t\t\t\t<div class=\"elementor-container elementor-column-gap-default\">\n\t\t\t\t\t\t\t<div class=\"elementor-row\">\n\t\t\t\t\t<div class=\"elementor-column elementor-col-25 elementor-top-column elementor-element elementor-element-b4405d7 ot-flex-column-vertical\" data-id=\"b4405d7\" data-element_type=\"column\">\n\t\t\t<div class=\"elementor-column-wrap\">\n\t\t\t\t\t\t\t<div class=\"elementor-widget-wrap\">\n\t\t\t\t\t\t\t\t<\/div>\n\t\t\t\t\t<\/div>\n\t\t<\/div>\n\t\t\t\t<div class=\"elementor-column elementor-col-50 elementor-top-column elementor-element elementor-element-12a263f ot-flex-column-vertical\" data-id=\"12a263f\" data-element_type=\"column\">\n\t\t\t<div class=\"elementor-column-wrap elementor-element-populated\">\n\t\t\t\t\t\t\t<div class=\"elementor-widget-wrap\">\n\t\t\t\t\t\t<div class=\"elementor-element elementor-element-13231bb1 elementor-widget__width-auto elementory_icon_bg_colored elementory_icon_area_circle elementory_element_connector_no elementory_icon_position_center elementor-widget elementor-widget-elementory-icon-box\" data-id=\"13231bb1\" data-element_type=\"widget\" data-widget_type=\"elementory-icon-box.default\">\n\t\t\t\t<div class=\"elementor-widget-container\">\n\t\t\t\n\t\t<div class=\"elementory_icon_box_container\">\n\t\t\t<div class=\"elementory_icon_box_item\">\n\t\t\t\t\t\t\t\t\n\t\t\t\t<div class=\"elementory_icon_box_item_inner\">\n\t\t\t\t\t<div class=\"elementory_icon_container\">\n\t\t\t\t\t\t<span class=\"elementory_icon_wrapper\">\n\t\t\t\t\t\t\t<i aria-hidden=\"true\" class=\"fas fa-bookmark\"><\/i>\t\t\t\t\t\t<\/span>\n\t\t\t\t\t<\/div>\n\t\t\t\t\t\n\t\t\t\t\t<div class=\"elementory_icon_box_content_container\">\n\t\t\t\t\t\t<div class=\"elementory_icon_box_title\">\n\t\t\t\t\t\t\t<h4><\/h4>\n\t\t\t\t\t\t<\/div>\n\t\t\t\t\t\t\n\t\t\t\t\t\t<div class=\"elementory_icon_box_description\">\n\t\t\t\t\t\t\t<span><\/span>\n\t\t\t\t\t\t<\/div>\n\t\t\t\t\t<\/div>\n\t\t\t\t\t\n\t\t\t\t\t<div class=\"clear\"><\/div>\n\t\t\t\t<\/div>\n\t\t\t\t\n\t\t\t\t\t\t\t<\/div>\n\t\t<\/div>\n\t\t\t\t<\/div>\n\t\t\t\t<\/div>\n\t\t\t\t<div class=\"elementor-element elementor-element-4bbc1f8b elementor-widget__width-auto elementor-widget elementor-widget-heading\" data-id=\"4bbc1f8b\" data-element_type=\"widget\" data-widget_type=\"heading.default\">\n\t\t\t\t<div class=\"elementor-widget-container\">\n\t\t\t<h2 class=\"elementor-heading-title elementor-size-default\">Intensivo<\/h2>\t\t<\/div>\n\t\t\t\t<\/div>\n\t\t\t\t<div class=\"elementor-element elementor-element-d4e135f elementor-widget elementor-widget-text-editor\" data-id=\"d4e135f\" data-element_type=\"widget\" data-widget_type=\"text-editor.default\">\n\t\t\t\t<div class=\"elementor-widget-container\">\n\t\t\t\t\t\t\t\t<div class=\"elementor-text-editor elementor-clearfix\">\n\t\t\t\t<p>Curso de:<\/p><ul><li>30 horas<\/li><li>60 horas<\/li><li>90 horas<\/li><li>120 horas<\/li><\/ul><p><strong>Se requieren alrededor de 120 horas para completar un nivel. <\/strong><\/p><ul><li>Cursos de espa\u00f1ol individuales en tu oficina o en tu casa*.<\/li><li>Registro de inscripci\u00f3n todo el a\u00f1o.<\/li><li>Dos horas clase o m\u00e1s por sesi\u00f3n.<\/li><li>Horario de cursos personalizado.<\/li><li>Los estudiantes tendr\u00e1n una evaluaci\u00f3n gratis para determinar su nivel inicial de espa\u00f1ol.<\/li><li>\u00bfEst\u00e1s interesado en una clase de espa\u00f1ol gratis? Programa una clase sin costo y prueba nuestro m\u00e9todo.<\/li><\/ul>\t\t\t\t\t<\/div>\n\t\t\t\t\t\t<\/div>\n\t\t\t\t<\/div>\n\t\t\t\t<div class=\"elementor-element elementor-element-3e323cab elementor-widget elementor-widget-heading\" data-id=\"3e323cab\" data-element_type=\"widget\" data-widget_type=\"heading.default\">\n\t\t\t\t<div class=\"elementor-widget-container\">\n\t\t\t<h2 class=\"elementor-heading-title elementor-size-default\">\u00a1Estudia espa\u00f1ol con nosotros!<\/h2>\t\t<\/div>\n\t\t\t\t<\/div>\n\t\t\t\t<div class=\"elementor-element elementor-element-5b1e4564 elementor-widget elementor-widget-ibutton\" data-id=\"5b1e4564\" data-element_type=\"widget\" data-widget_type=\"ibutton.default\">\n\t\t\t\t<div class=\"elementor-widget-container\">\n\t\t\t\t\t<div class=\"ot-button\">\r\n\t\t\t<a href=\"https:\/\/www.spanishcentermonterrey.com\/espanol\/contacto\/\" class=\"octf-btn octf-btn-primary\">Cont\u00e1ctanos<\/a>\r\n\t    <\/div>\r\n\t    \t\t<\/div>\n\t\t\t\t<\/div>\n\t\t\t\t<div class=\"elementor-element elementor-element-6fee21ab elementor-widget elementor-widget-text-editor\" data-id=\"6fee21ab\" data-element_type=\"widget\" data-widget_type=\"text-editor.default\">\n\t\t\t\t<div class=\"elementor-widget-container\">\n\t\t\t\t\t\t\t\t<div class=\"elementor-text-editor elementor-clearfix\">\n\t\t\t\t* Se incluir\u00e1 un cargo adicional por transportaci\u00f3n fuera de la escuela.\t\t\t\t\t<\/div>\n\t\t\t\t\t\t<\/div>\n\t\t\t\t<\/div>\n\t\t\t\t\t\t<\/div>\n\t\t\t\t\t<\/div>\n\t\t<\/div>\n\t\t\t\t<div class=\"elementor-column elementor-col-25 elementor-top-column elementor-element elementor-element-9760166 ot-flex-column-vertical\" data-id=\"9760166\" data-element_type=\"column\">\n\t\t\t<div class=\"elementor-column-wrap\">\n\t\t\t\t\t\t\t<div class=\"elementor-widget-wrap\">\n\t\t\t\t\t\t\t\t<\/div>\n\t\t\t\t\t<\/div>\n\t\t<\/div>\n\t\t\t\t\t\t\t\t<\/div>\n\t\t\t\t\t<\/div>\n\t\t<\/section>\n\t\t\t\t\t\t<\/div>\n\t\t\t\t\t\t<\/div>\n\t\t\t\t\t<\/div>\n\t\t","protected":false},"excerpt":{"rendered":"<p>Cursos de espa\u00f1ol en tu oficina o en tu casa &#8211; Individuales Regular Cursos de: 30 horas 60 horas 90 horas 120 horas Se requieren alrededor de 120 horas para completar un nivel. Cursos de espa\u00f1ol individuales en tu oficina o casa*. Registro de inscripci\u00f3n todo el a\u00f1o. 1.5 horas clase o m\u00e1s por sesi\u00f3n. [&hellip;]<\/p>\n","protected":false},"author":1,"featured_media":0,"parent":83315,"menu_order":0,"comment_status":"closed","ping_status":"closed","template":"","meta":[],"_links":{"self":[{"href":"https:\/\/www.spanishcentermonterrey.com\/espanol\/wp-json\/wp\/v2\/pages\/83317"}],"collection":[{"href":"https:\/\/www.spanishcentermonterrey.com\/espanol\/wp-json\/wp\/v2\/pages"}],"about":[{"href":"https:\/\/www.spanishcentermonterrey.com\/espanol\/wp-json\/wp\/v2\/types\/page"}],"author":[{"embeddable":true,"href":"https:\/\/www.spanishcentermonterrey.com\/espanol\/wp-json\/wp\/v2\/users\/1"}],"replies":[{"embeddable":true,"href":"https:\/\/www.spanishcentermonterrey.com\/espanol\/wp-json\/wp\/v2\/comments?post=83317"}],"version-history":[{"count":41,"href":"https:\/\/www.spanishcentermonterrey.com\/espanol\/wp-json\/wp\/v2\/pages\/83317\/revisions"}],"predecessor-version":[{"id":84383,"href":"https:\/\/www.spanishcentermonterrey.com\/espanol\/wp-json\/wp\/v2\/pages\/83317\/revisions\/84383"}],"up":[{"embeddable":true,"href":"https:\/\/www.spanishcentermonterrey.com\/espanol\/wp-json\/wp\/v2\/pages\/83315"}],"wp:attachment":[{"href":"https:\/\/www.spanishcentermonterrey.com\/espanol\/wp-json\/wp\/v2\/media?parent=83317"}],"curies":[{"name":"wp","href":"https:\/\/api.w.org\/{rel}","templated":true}]}}